{"id":47,"date":"2025-12-23T16:57:28","date_gmt":"2025-12-23T16:57:28","guid":{"rendered":"https:\/\/www.axpourtous.fr\/?page_id=47"},"modified":"2026-02-20T15:34:17","modified_gmt":"2026-02-20T15:34:17","slug":"alain-pibouleau","status":"publish","type":"page","link":"https:\/\/www.axpourtous.fr\/index.php\/alain-pibouleau\/","title":{"rendered":"Alain PIBOULEAU"},"content":{"rendered":"\t\t<div data-elementor-type=\"wp-page\" data-elementor-id=\"47\" class=\"elementor elementor-47\">\n\t\t\t\t<div class=\"elementor-element elementor-element-5db3abf e-flex e-con-boxed e-con e-parent\" data-id=\"5db3abf\" data-element_type=\"container\" data-e-type=\"container\">\n\t\t\t\t\t<div class=\"e-con-inner\">\n\t\t\t\t<div class=\"elementor-element elementor-element-2967b55 elementor-widget elementor-widget-heading\" data-id=\"2967b55\" data-element_type=\"widget\" data-e-type=\"widget\" data-widget_type=\"heading.default\">\n\t\t\t\t\t<h2 class=\"elementor-heading-title elementor-size-default\">T\u00eate de liste - Ax pour Tous, partageons demain<\/h2>\t\t\t\t<\/div>\n\t\t\t\t\t<\/div>\n\t\t\t\t<\/div>\n\t\t<div class=\"elementor-element elementor-element-315a4ef e-flex e-con-boxed e-con e-parent\" data-id=\"315a4ef\" data-element_type=\"container\" data-e-type=\"container\">\n\t\t\t\t\t<div class=\"e-con-inner\">\n\t\t<div class=\"elementor-element elementor-element-319c90f e-con-full e-flex e-con e-child\" data-id=\"319c90f\" data-element_type=\"container\" data-e-type=\"container\">\n\t\t\t\t<div class=\"elementor-element elementor-element-be5c436 elementor-widget elementor-widget-image\" data-id=\"be5c436\" data-element_type=\"widget\" data-e-type=\"widget\" data-widget_type=\"image.default\">\n\t\t\t\t\t\t\t\t\t\t\t\t\t\t\t<img fetchpriority=\"high\" decoding=\"async\" width=\"333\" height=\"500\" src=\"https:\/\/www.axpourtous.fr\/wp-content\/uploads\/2026\/01\/Alain-PIBOULEAU.jpg\" class=\"attachment-large size-large wp-image-849\" alt=\"Alain PIBOULEAU\" srcset=\"https:\/\/www.axpourtous.fr\/wp-content\/uploads\/2026\/01\/Alain-PIBOULEAU.jpg 333w, https:\/\/www.axpourtous.fr\/wp-content\/uploads\/2026\/01\/Alain-PIBOULEAU-200x300.jpg 200w\" sizes=\"(max-width: 333px) 100vw, 333px\" \/>\t\t\t\t\t\t\t\t\t\t\t\t\t\t\t<\/div>\n\t\t\t\t<\/div>\n\t\t<div class=\"elementor-element elementor-element-c5764f8 e-con-full e-flex e-con e-child\" data-id=\"c5764f8\" data-element_type=\"container\" data-e-type=\"container\">\n\t\t\t\t<div class=\"elementor-element elementor-element-b2b8ac1 elementor-widget elementor-widget-heading\" data-id=\"b2b8ac1\" data-element_type=\"widget\" data-e-type=\"widget\" data-widget_type=\"heading.default\">\n\t\t\t\t\t<h2 class=\"elementor-heading-title elementor-size-default\">Un enfant de la vall\u00e9e - Une histoire ax\u00e9enne tr\u00e8s forte<\/h2>\t\t\t\t<\/div>\n\t\t\t\t<div class=\"elementor-element elementor-element-29f51ff elementor-widget elementor-widget-text-editor\" data-id=\"29f51ff\" data-element_type=\"widget\" data-e-type=\"widget\" data-widget_type=\"text-editor.default\">\n\t\t\t\t\t\t\t\t\t<p>J&rsquo;ai grandi dans la ville d&rsquo;Ax-les-Thermes, o\u00f9 ma famille est implant\u00e9e de longue date.<\/p><p>Apr\u00e8s le parcours classique dans les \u00e9coles et au coll\u00e8ge d\u2019Ax les thermes, j\u2019ai entrepris des \u00e9tudes de dessin industriel. Mari\u00e9 depuis 25 ans avec Pauline, une enfant du pays \u00e9galement, nous y avons \u00e9lev\u00e9 nos deux filles qui sont pass\u00e9es par les \u00e9coles, le coll\u00e8ge d\u2019Ax, sa section sportive et les associations d\u2019Ax les Thermes. J\u2019ai eu l\u2019honneur de marier ma fille ain\u00e9e \u00e0 la mairie d\u2019Ax et suis \u00e0 pr\u00e9sent un grand-p\u00e8re combl\u00e9.<\/p><p>Tr\u00e8s t\u00f4t j\u2019ai particip\u00e9 \u00e0 la vie associative locale en tant que b\u00e9n\u00e9vole puis comme dirigeant. J&rsquo;ai \u00e9t\u00e9 pr\u00e9sident du club de tennis d\u2019Ax-les-Thermes pendant plus de dix ans mais j\u2019ai aussi \u00e9t\u00e9 au bureau de l\u2019association des parents d\u2019\u00e9l\u00e8ves et du comit\u00e9 de jumelage notamment.<\/p>\t\t\t\t\t\t\t\t<\/div>\n\t\t\t\t<div class=\"elementor-element elementor-element-1a274b9 elementor-widget elementor-widget-heading\" data-id=\"1a274b9\" data-element_type=\"widget\" data-e-type=\"widget\" data-widget_type=\"heading.default\">\n\t\t\t\t\t<h2 class=\"elementor-heading-title elementor-size-default\">Une volont\u00e9 de s'engager politiquement pour notre territoire<\/h2>\t\t\t\t<\/div>\n\t\t\t\t<div class=\"elementor-element elementor-element-26312dc elementor-widget elementor-widget-text-editor\" data-id=\"26312dc\" data-element_type=\"widget\" data-e-type=\"widget\" data-widget_type=\"text-editor.default\">\n\t\t\t\t\t\t\t\t\t<p>Mon engagement sur le territoire m&rsquo;a conduit \u00e0 rejoindre l&rsquo;\u00e9quipe municipale en place en tant que conseiller en 2014. Le Maire a souhait\u00e9 s\u2019appuyer sur mon exp\u00e9rience associative pour me confier la Pr\u00e9sidence d\u2019Ax Animation et j&rsquo;ai ainsi pu m&rsquo;impliquer dans la vie culturelle et festive. Mon exp\u00e9rience professionnelle a \u00e9galement \u00e9t\u00e9 mise \u00e0 profit dans la conduite de projet, par exemple la halle couverte au Parc du Casino qui permet d\u2019accueillir les animations en toute saison.<\/p><p>En 2020 lors de mon second mandat, j\u2019ai \u00e9t\u00e9 \u00e9lu 1er adjoint et me suis aussi investi \u00e0 la Communaut\u00e9 de Communes de la Haute Ari\u00e8ge au bureau communautaire et dans diff\u00e9rentes commissions. J&rsquo;ai \u00e9galement pris la pr\u00e9sidence de la SEMTTAX (Soci\u00e9t\u00e9 d\u2019Economie Mixte Thermale et Touristique d\u2019Ax) avec l&rsquo;objectif de sauvegarder les emplois et de d\u00e9velopper le thermalisme. J&rsquo;ai accompagn\u00e9 la fin du contrat avec la soci\u00e9t\u00e9 Eurothermes et permis \u00e0 la commune de r\u00e9cup\u00e9rer la propri\u00e9t\u00e9 de la totalit\u00e9 des actifs thermaux via la SEMTTAX et la STAX (Soci\u00e9t\u00e9 Thermale d\u2019Ax) : l&rsquo;eau thermale, le b\u00e2timent du Teich, les Bains du Couloubret, le b\u00e2timent du Grand T\u00e9tras int\u00e9grant les Thermes du Mod\u00e8le et les commerces associ\u00e9s. Aujourd\u2019hui, l\u2019eau thermale appartient aux Ax\u00e9ens et les emplois sont pr\u00e9serv\u00e9s.<\/p>\t\t\t\t\t\t\t\t<\/div>\n\t\t\t\t<div class=\"elementor-element elementor-element-4bf4468 elementor-widget elementor-widget-heading\" data-id=\"4bf4468\" data-element_type=\"widget\" data-e-type=\"widget\" data-widget_type=\"heading.default\">\n\t\t\t\t\t<h2 class=\"elementor-heading-title elementor-size-default\">Un nouvel \u00e9lan qui s'appuie sur l'exp\u00e9rience<\/h2>\t\t\t\t<\/div>\n\t\t\t\t<div class=\"elementor-element elementor-element-a618ba8 elementor-widget elementor-widget-text-editor\" data-id=\"a618ba8\" data-element_type=\"widget\" data-e-type=\"widget\" data-widget_type=\"text-editor.default\">\n\t\t\t\t\t\t\t\t\t<p>Le 16 d\u00e9cembre 2025, j\u2019ai officiellement d\u00e9clar\u00e9 ma candidature aux \u00e9lections municipales d\u2019Ax-les-Thermes. Cette candidature s\u2019inscrit dans une volont\u00e9 claire : ouvrir une nouvelle \u00e9tape pour notre commune, en conjuguant exp\u00e9rience, renouvellement et ambition collective.<\/p><p>Notre action s\u2019appuie sur les deux piliers \u00e9conomiques que sont le thermalisme et le ski, tout en r\u00e9pondant aux enjeux du quotidien : logement, mobilit\u00e9s, culture, animations, \u00e9quipements sportifs, d\u00e9veloppement touristique, stationnement, am\u00e9nagement urbain, h\u00f4pital, CCAS, jeunesse\u2026<\/p><p>Je suis fier de conduire la liste <strong>\u00ab Ax pour Tous, partageons demain \u00bb<\/strong> avec une \u00e9quipe \u00e0 la fois solide et renouvel\u00e9e gr\u00e2ce \u00e0 l\u2019implication de 6 nouveaux colistiers qui insufflent id\u00e9es nouvelles et \u00e9nergie collective. Je pourrai aussi m\u2019appuyer sur des \u00e9lus exp\u00e9riment\u00e9s notamment Dominique Fourcade qui reste pleinement investi et apporte une connaissance pr\u00e9cieuse des dossiers et la continuit\u00e9 des partenariats.<\/p><p>J\u2019ai pleinement confiance dans cette \u00e9quipe de femmes et d\u2019hommes d\u00e9j\u00e0 impliqu\u00e9s au quotidien dans la cit\u00e9. Par le dialogue et l\u2019\u00e9coute, nous porterons des projets ambitieux pour le bien-\u00eatre des Ax\u00e9ennes et des Ax\u00e9ens et pour que notre ville continue de grandir et de rayonner.<\/p>\t\t\t\t\t\t\t\t<\/div>\n\t\t\t\t<\/div>\n\t\t\t\t\t<\/div>\n\t\t\t\t<\/div>\n\t\t<div class=\"elementor-element elementor-element-5147ace e-flex e-con-boxed e-con e-parent\" data-id=\"5147ace\" data-element_type=\"container\" data-e-type=\"container\">\n\t\t\t\t\t<div class=\"e-con-inner\">\n\t\t\t\t<div class=\"elementor-element elementor-element-14eefb3 elementor-widget elementor-widget-text-editor\" data-id=\"14eefb3\" data-element_type=\"widget\" data-e-type=\"widget\" data-widget_type=\"text-editor.default\">\n\t\t\t\t\t\t\t\t\t<p>Une question \u00e0 nous poser ?<\/p><p>Envoyez nous un mail \u00e0 <strong>axpourtous@gmail.com<\/strong> et nous vous r\u00e9pondrons au plus vite.<\/p>\t\t\t\t\t\t\t\t<\/div>\n\t\t\t\t\t<\/div>\n\t\t\t\t<\/div>\n\t\t\t\t<\/div>\n\t\t","protected":false},"excerpt":{"rendered":"<p>T\u00eate de liste &#8211; Ax pour Tous, partageons demain Un enfant de la vall\u00e9e &#8211; Une histoire ax\u00e9enne tr\u00e8s forte J&rsquo;ai grandi dans la ville d&rsquo;Ax-les-Thermes, o\u00f9 ma famille est implant\u00e9e de longue date. Apr\u00e8s le parcours classique dans les \u00e9coles et au coll\u00e8ge d\u2019Ax les thermes, j\u2019ai entrepris des \u00e9tudes de dessin industriel. Mari\u00e9 [&hellip;]<\/p>\n","protected":false},"author":1,"featured_media":0,"parent":0,"menu_order":0,"comment_status":"closed","ping_status":"closed","template":"","meta":{"_monsterinsights_skip_tracking":false,"_monsterinsights_sitenote_active":false,"_monsterinsights_sitenote_note":"","_monsterinsights_sitenote_category":0,"ocean_post_layout":"","ocean_both_sidebars_style":"","ocean_both_sidebars_content_width":0,"ocean_both_sidebars_sidebars_width":0,"ocean_sidebar":"","ocean_second_sidebar":"","ocean_disable_margins":"enable","ocean_add_body_class":"","ocean_shortcode_before_top_bar":"","ocean_shortcode_after_top_bar":"","ocean_shortcode_before_header":"","ocean_shortcode_after_header":"","ocean_has_shortcode":"","ocean_shortcode_after_title":"","ocean_shortcode_before_footer_widgets":"","ocean_shortcode_after_footer_widgets":"","ocean_shortcode_before_footer_bottom":"","ocean_shortcode_after_footer_bottom":"","ocean_display_top_bar":"default","ocean_display_header":"default","ocean_header_style":"","ocean_center_header_left_menu":"","ocean_custom_header_template":"","ocean_custom_logo":0,"ocean_custom_retina_logo":0,"ocean_custom_logo_max_width":0,"ocean_custom_logo_tablet_max_width":0,"ocean_custom_logo_mobile_max_width":0,"ocean_custom_logo_max_height":0,"ocean_custom_logo_tablet_max_height":0,"ocean_custom_logo_mobile_max_height":0,"ocean_header_custom_menu":"","ocean_menu_typo_font_family":"","ocean_menu_typo_font_subset":"","ocean_menu_typo_font_size":0,"ocean_menu_typo_font_size_tablet":0,"ocean_menu_typo_font_size_mobile":0,"ocean_menu_typo_font_size_unit":"px","ocean_menu_typo_font_weight":"","ocean_menu_typo_font_weight_tablet":"","ocean_menu_typo_font_weight_mobile":"","ocean_menu_typo_transform":"","ocean_menu_typo_transform_tablet":"","ocean_menu_typo_transform_mobile":"","ocean_menu_typo_line_height":0,"ocean_menu_typo_line_height_tablet":0,"ocean_menu_typo_line_height_mobile":0,"ocean_menu_typo_line_height_unit":"","ocean_menu_typo_spacing":0,"ocean_menu_typo_spacing_tablet":0,"ocean_menu_typo_spacing_mobile":0,"ocean_menu_typo_spacing_unit":"","ocean_menu_link_color":"","ocean_menu_link_color_hover":"","ocean_menu_link_color_active":"","ocean_menu_link_background":"","ocean_menu_link_hover_background":"","ocean_menu_link_active_background":"","ocean_menu_social_links_bg":"","ocean_menu_social_hover_links_bg":"","ocean_menu_social_links_color":"","ocean_menu_social_hover_links_color":"","ocean_disable_title":"default","ocean_disable_heading":"default","ocean_post_title":"","ocean_post_subheading":"","ocean_post_title_style":"","ocean_post_title_background_color":"","ocean_post_title_background":0,"ocean_post_title_bg_image_position":"","ocean_post_title_bg_image_attachment":"","ocean_post_title_bg_image_repeat":"","ocean_post_title_bg_image_size":"","ocean_post_title_height":0,"ocean_post_title_bg_overlay":0.5,"ocean_post_title_bg_overlay_color":"","ocean_disable_breadcrumbs":"default","ocean_breadcrumbs_color":"","ocean_breadcrumbs_separator_color":"","ocean_breadcrumbs_links_color":"","ocean_breadcrumbs_links_hover_color":"","ocean_display_footer_widgets":"default","ocean_display_footer_bottom":"default","ocean_custom_footer_template":"","footnotes":""},"class_list":["post-47","page","type-page","status-publish","hentry","entry"],"yoast_head":"<!-- This site is optimized with the Yoast SEO plugin v27.0 - https:\/\/yoast.com\/product\/yoast-seo-wordpress\/ -->\n<title>Alain PIBOULEAU - Ax Pour Tous<\/title>\n<meta name=\"robots\" content=\"index, follow, max-snippet:-1, max-image-preview:large, max-video-preview:-1\" \/>\n<link rel=\"canonical\" href=\"https:\/\/www.axpourtous.fr\/index.php\/alain-pibouleau\/\" \/>\n<meta property=\"og:locale\" content=\"fr_FR\" \/>\n<meta property=\"og:type\" content=\"article\" \/>\n<meta property=\"og:title\" content=\"Alain PIBOULEAU - Ax Pour Tous\" \/>\n<meta property=\"og:description\" content=\"T\u00eate de liste &#8211; Ax pour Tous, partageons demain Un enfant de la vall\u00e9e &#8211; Une histoire ax\u00e9enne tr\u00e8s forte J&rsquo;ai grandi dans la ville d&rsquo;Ax-les-Thermes, o\u00f9 ma famille est implant\u00e9e de longue date. Apr\u00e8s le parcours classique dans les \u00e9coles et au coll\u00e8ge d\u2019Ax les thermes, j\u2019ai entrepris des \u00e9tudes de dessin industriel. Mari\u00e9 [&hellip;]\" \/>\n<meta property=\"og:url\" content=\"https:\/\/www.axpourtous.fr\/index.php\/alain-pibouleau\/\" \/>\n<meta property=\"og:site_name\" content=\"Ax Pour Tous\" \/>\n<meta property=\"article:modified_time\" content=\"2026-02-20T15:34:17+00:00\" \/>\n<meta property=\"og:image\" content=\"https:\/\/www.axpourtous.fr\/wp-content\/uploads\/2026\/01\/Alain-PIBOULEAU.jpg\" \/>\n\t<meta property=\"og:image:width\" content=\"333\" \/>\n\t<meta property=\"og:image:height\" content=\"500\" \/>\n\t<meta property=\"og:image:type\" content=\"image\/jpeg\" \/>\n<meta name=\"twitter:card\" content=\"summary_large_image\" \/>\n<meta name=\"twitter:label1\" content=\"Dur\u00e9e de lecture estim\u00e9e\" \/>\n\t<meta name=\"twitter:data1\" content=\"3 minutes\" \/>\n<script type=\"application\/ld+json\" class=\"yoast-schema-graph\">{\"@context\":\"https:\/\/schema.org\",\"@graph\":[{\"@type\":\"WebPage\",\"@id\":\"https:\/\/www.axpourtous.fr\/index.php\/alain-pibouleau\/\",\"url\":\"https:\/\/www.axpourtous.fr\/index.php\/alain-pibouleau\/\",\"name\":\"Alain PIBOULEAU - Ax Pour Tous\",\"isPartOf\":{\"@id\":\"https:\/\/www.axpourtous.fr\/#website\"},\"primaryImageOfPage\":{\"@id\":\"https:\/\/www.axpourtous.fr\/index.php\/alain-pibouleau\/#primaryimage\"},\"image\":{\"@id\":\"https:\/\/www.axpourtous.fr\/index.php\/alain-pibouleau\/#primaryimage\"},\"thumbnailUrl\":\"https:\/\/www.axpourtous.fr\/wp-content\/uploads\/2026\/01\/Alain-PIBOULEAU.jpg\",\"datePublished\":\"2025-12-23T16:57:28+00:00\",\"dateModified\":\"2026-02-20T15:34:17+00:00\",\"breadcrumb\":{\"@id\":\"https:\/\/www.axpourtous.fr\/index.php\/alain-pibouleau\/#breadcrumb\"},\"inLanguage\":\"fr-FR\",\"potentialAction\":[{\"@type\":\"ReadAction\",\"target\":[\"https:\/\/www.axpourtous.fr\/index.php\/alain-pibouleau\/\"]}]},{\"@type\":\"ImageObject\",\"inLanguage\":\"fr-FR\",\"@id\":\"https:\/\/www.axpourtous.fr\/index.php\/alain-pibouleau\/#primaryimage\",\"url\":\"https:\/\/www.axpourtous.fr\/wp-content\/uploads\/2026\/01\/Alain-PIBOULEAU.jpg\",\"contentUrl\":\"https:\/\/www.axpourtous.fr\/wp-content\/uploads\/2026\/01\/Alain-PIBOULEAU.jpg\",\"width\":333,\"height\":500,\"caption\":\"Alain PIBOULEAU\"},{\"@type\":\"BreadcrumbList\",\"@id\":\"https:\/\/www.axpourtous.fr\/index.php\/alain-pibouleau\/#breadcrumb\",\"itemListElement\":[{\"@type\":\"ListItem\",\"position\":1,\"name\":\"Accueil\",\"item\":\"https:\/\/www.axpourtous.fr\/\"},{\"@type\":\"ListItem\",\"position\":2,\"name\":\"Alain PIBOULEAU\"}]},{\"@type\":\"WebSite\",\"@id\":\"https:\/\/www.axpourtous.fr\/#website\",\"url\":\"https:\/\/www.axpourtous.fr\/\",\"name\":\"Ax Pour Tous\",\"description\":\"Ax Pour Tous - Partageons Demain\",\"publisher\":{\"@id\":\"https:\/\/www.axpourtous.fr\/#organization\"},\"potentialAction\":[{\"@type\":\"SearchAction\",\"target\":{\"@type\":\"EntryPoint\",\"urlTemplate\":\"https:\/\/www.axpourtous.fr\/?s={search_term_string}\"},\"query-input\":{\"@type\":\"PropertyValueSpecification\",\"valueRequired\":true,\"valueName\":\"search_term_string\"}}],\"inLanguage\":\"fr-FR\"},{\"@type\":\"Organization\",\"@id\":\"https:\/\/www.axpourtous.fr\/#organization\",\"name\":\"Ax Pour Tous\",\"url\":\"https:\/\/www.axpourtous.fr\/\",\"logo\":{\"@type\":\"ImageObject\",\"inLanguage\":\"fr-FR\",\"@id\":\"https:\/\/www.axpourtous.fr\/#\/schema\/logo\/image\/\",\"url\":\"https:\/\/www.axpourtous.fr\/wp-content\/uploads\/2026\/01\/cropped-Logo-Ax-pour-tous-1.jpg\",\"contentUrl\":\"https:\/\/www.axpourtous.fr\/wp-content\/uploads\/2026\/01\/cropped-Logo-Ax-pour-tous-1.jpg\",\"width\":582,\"height\":271,\"caption\":\"Ax Pour Tous\"},\"image\":{\"@id\":\"https:\/\/www.axpourtous.fr\/#\/schema\/logo\/image\/\"}}]}<\/script>\n<!-- \/ Yoast SEO plugin. -->","yoast_head_json":{"title":"Alain PIBOULEAU - Ax Pour Tous","robots":{"index":"index","follow":"follow","max-snippet":"max-snippet:-1","max-image-preview":"max-image-preview:large","max-video-preview":"max-video-preview:-1"},"canonical":"https:\/\/www.axpourtous.fr\/index.php\/alain-pibouleau\/","og_locale":"fr_FR","og_type":"article","og_title":"Alain PIBOULEAU - Ax Pour Tous","og_description":"T\u00eate de liste &#8211; Ax pour Tous, partageons demain Un enfant de la vall\u00e9e &#8211; Une histoire ax\u00e9enne tr\u00e8s forte J&rsquo;ai grandi dans la ville d&rsquo;Ax-les-Thermes, o\u00f9 ma famille est implant\u00e9e de longue date. Apr\u00e8s le parcours classique dans les \u00e9coles et au coll\u00e8ge d\u2019Ax les thermes, j\u2019ai entrepris des \u00e9tudes de dessin industriel. Mari\u00e9 [&hellip;]","og_url":"https:\/\/www.axpourtous.fr\/index.php\/alain-pibouleau\/","og_site_name":"Ax Pour Tous","article_modified_time":"2026-02-20T15:34:17+00:00","og_image":[{"width":333,"height":500,"url":"https:\/\/www.axpourtous.fr\/wp-content\/uploads\/2026\/01\/Alain-PIBOULEAU.jpg","type":"image\/jpeg"}],"twitter_card":"summary_large_image","twitter_misc":{"Dur\u00e9e de lecture estim\u00e9e":"3 minutes"},"schema":{"@context":"https:\/\/schema.org","@graph":[{"@type":"WebPage","@id":"https:\/\/www.axpourtous.fr\/index.php\/alain-pibouleau\/","url":"https:\/\/www.axpourtous.fr\/index.php\/alain-pibouleau\/","name":"Alain PIBOULEAU - Ax Pour Tous","isPartOf":{"@id":"https:\/\/www.axpourtous.fr\/#website"},"primaryImageOfPage":{"@id":"https:\/\/www.axpourtous.fr\/index.php\/alain-pibouleau\/#primaryimage"},"image":{"@id":"https:\/\/www.axpourtous.fr\/index.php\/alain-pibouleau\/#primaryimage"},"thumbnailUrl":"https:\/\/www.axpourtous.fr\/wp-content\/uploads\/2026\/01\/Alain-PIBOULEAU.jpg","datePublished":"2025-12-23T16:57:28+00:00","dateModified":"2026-02-20T15:34:17+00:00","breadcrumb":{"@id":"https:\/\/www.axpourtous.fr\/index.php\/alain-pibouleau\/#breadcrumb"},"inLanguage":"fr-FR","potentialAction":[{"@type":"ReadAction","target":["https:\/\/www.axpourtous.fr\/index.php\/alain-pibouleau\/"]}]},{"@type":"ImageObject","inLanguage":"fr-FR","@id":"https:\/\/www.axpourtous.fr\/index.php\/alain-pibouleau\/#primaryimage","url":"https:\/\/www.axpourtous.fr\/wp-content\/uploads\/2026\/01\/Alain-PIBOULEAU.jpg","contentUrl":"https:\/\/www.axpourtous.fr\/wp-content\/uploads\/2026\/01\/Alain-PIBOULEAU.jpg","width":333,"height":500,"caption":"Alain PIBOULEAU"},{"@type":"BreadcrumbList","@id":"https:\/\/www.axpourtous.fr\/index.php\/alain-pibouleau\/#breadcrumb","itemListElement":[{"@type":"ListItem","position":1,"name":"Accueil","item":"https:\/\/www.axpourtous.fr\/"},{"@type":"ListItem","position":2,"name":"Alain PIBOULEAU"}]},{"@type":"WebSite","@id":"https:\/\/www.axpourtous.fr\/#website","url":"https:\/\/www.axpourtous.fr\/","name":"Ax Pour Tous","description":"Ax Pour Tous - Partageons Demain","publisher":{"@id":"https:\/\/www.axpourtous.fr\/#organization"},"potentialAction":[{"@type":"SearchAction","target":{"@type":"EntryPoint","urlTemplate":"https:\/\/www.axpourtous.fr\/?s={search_term_string}"},"query-input":{"@type":"PropertyValueSpecification","valueRequired":true,"valueName":"search_term_string"}}],"inLanguage":"fr-FR"},{"@type":"Organization","@id":"https:\/\/www.axpourtous.fr\/#organization","name":"Ax Pour Tous","url":"https:\/\/www.axpourtous.fr\/","logo":{"@type":"ImageObject","inLanguage":"fr-FR","@id":"https:\/\/www.axpourtous.fr\/#\/schema\/logo\/image\/","url":"https:\/\/www.axpourtous.fr\/wp-content\/uploads\/2026\/01\/cropped-Logo-Ax-pour-tous-1.jpg","contentUrl":"https:\/\/www.axpourtous.fr\/wp-content\/uploads\/2026\/01\/cropped-Logo-Ax-pour-tous-1.jpg","width":582,"height":271,"caption":"Ax Pour Tous"},"image":{"@id":"https:\/\/www.axpourtous.fr\/#\/schema\/logo\/image\/"}}]}},"_links":{"self":[{"href":"https:\/\/www.axpourtous.fr\/index.php\/wp-json\/wp\/v2\/pages\/47","targetHints":{"allow":["GET"]}}],"collection":[{"href":"https:\/\/www.axpourtous.fr\/index.php\/wp-json\/wp\/v2\/pages"}],"about":[{"href":"https:\/\/www.axpourtous.fr\/index.php\/wp-json\/wp\/v2\/types\/page"}],"author":[{"embeddable":true,"href":"https:\/\/www.axpourtous.fr\/index.php\/wp-json\/wp\/v2\/users\/1"}],"replies":[{"embeddable":true,"href":"https:\/\/www.axpourtous.fr\/index.php\/wp-json\/wp\/v2\/comments?post=47"}],"version-history":[{"count":82,"href":"https:\/\/www.axpourtous.fr\/index.php\/wp-json\/wp\/v2\/pages\/47\/revisions"}],"predecessor-version":[{"id":2024,"href":"https:\/\/www.axpourtous.fr\/index.php\/wp-json\/wp\/v2\/pages\/47\/revisions\/2024"}],"wp:attachment":[{"href":"https:\/\/www.axpourtous.fr\/index.php\/wp-json\/wp\/v2\/media?parent=47"}],"curies":[{"name":"wp","href":"https:\/\/api.w.org\/{rel}","templated":true}]}}