{"id":198,"date":"2025-12-26T15:14:33","date_gmt":"2025-12-26T15:14:33","guid":{"rendered":"https:\/\/www.axpourtous.fr\/?page_id=198"},"modified":"2026-02-20T15:32:00","modified_gmt":"2026-02-20T15:32:00","slug":"l-equipe","status":"publish","type":"page","link":"https:\/\/www.axpourtous.fr\/index.php\/l-equipe\/","title":{"rendered":"L&rsquo;\u00e9quipe"},"content":{"rendered":"\t\t<div data-elementor-type=\"wp-page\" data-elementor-id=\"198\" class=\"elementor elementor-198\">\n\t\t\t\t<div class=\"elementor-element elementor-element-c258124 e-flex e-con-boxed e-con e-parent\" data-id=\"c258124\" data-element_type=\"container\" data-e-type=\"container\" data-settings=\"{&quot;background_background&quot;:&quot;classic&quot;}\">\n\t\t\t\t\t<div class=\"e-con-inner\">\n\t\t\t\t<div class=\"elementor-element elementor-element-f1545fb elementor-widget elementor-widget-heading\" data-id=\"f1545fb\" data-element_type=\"widget\" data-e-type=\"widget\" data-widget_type=\"heading.default\">\n\t\t\t\t\t<h2 class=\"elementor-heading-title elementor-size-default\">Pr\u00e9sentation de la liste : Ax pour Tous, partageons demain<\/h2>\t\t\t\t<\/div>\n\t\t\t\t\t<\/div>\n\t\t\t\t<\/div>\n\t\t<div class=\"elementor-element elementor-element-4a99c2e e-flex e-con-boxed e-con e-parent\" data-id=\"4a99c2e\" data-element_type=\"container\" data-e-type=\"container\">\n\t\t\t\t\t<div class=\"e-con-inner\">\n\t\t\t\t<div class=\"elementor-element elementor-element-9f0aa43 elementor-widget elementor-widget-text-editor\" data-id=\"9f0aa43\" data-element_type=\"widget\" data-e-type=\"widget\" data-widget_type=\"text-editor.default\">\n\t\t\t\t\t\t\t\t\t<p>Nous sommes ravis de vous pr\u00e9senter les membres de la liste <strong>Ax pour Tous, partageons demain<\/strong>. Vous pouvez d\u00e9couvrir une <strong>pr\u00e9sentation d\u00e9taill\u00e9e<\/strong> de chaque colisti\u00e8re et chaque colistier <strong>en cliquant sur les noms<\/strong> en dessous de la photo mosa\u00efque de notre \u00e9quipe.<\/p>\t\t\t\t\t\t\t\t<\/div>\n\t\t\t\t\t<\/div>\n\t\t\t\t<\/div>\n\t\t<div class=\"elementor-element elementor-element-6435869 e-flex e-con-boxed e-con e-parent\" data-id=\"6435869\" data-element_type=\"container\" data-e-type=\"container\">\n\t\t\t\t\t<div class=\"e-con-inner\">\n\t\t\t\t<div class=\"elementor-element elementor-element-4b16f45 elementor-widget elementor-widget-image\" data-id=\"4b16f45\" data-element_type=\"widget\" data-e-type=\"widget\" data-widget_type=\"image.default\">\n\t\t\t\t\t\t\t\t\t\t\t\t\t\t\t<img fetchpriority=\"high\" decoding=\"async\" width=\"1024\" height=\"384\" src=\"https:\/\/www.axpourtous.fr\/wp-content\/uploads\/2026\/02\/Equipe16.jpg\" class=\"attachment-large size-large wp-image-1968\" alt=\"Liste Ax pour Tous, partageons demain\" srcset=\"https:\/\/www.axpourtous.fr\/wp-content\/uploads\/2026\/02\/Equipe16.jpg 1024w, https:\/\/www.axpourtous.fr\/wp-content\/uploads\/2026\/02\/Equipe16-300x113.jpg 300w, https:\/\/www.axpourtous.fr\/wp-content\/uploads\/2026\/02\/Equipe16-768x288.jpg 768w\" sizes=\"(max-width: 1024px) 100vw, 1024px\" \/>\t\t\t\t\t\t\t\t\t\t\t\t\t\t\t<\/div>\n\t\t\t\t\t<\/div>\n\t\t\t\t<\/div>\n\t\t<div class=\"elementor-element elementor-element-e3b1081 e-flex e-con-boxed e-con e-parent\" data-id=\"e3b1081\" data-element_type=\"container\" data-e-type=\"container\">\n\t\t\t\t\t<div class=\"e-con-inner\">\n\t\t<div class=\"elementor-element elementor-element-d4670a1 e-con-full e-flex e-con e-child\" data-id=\"d4670a1\" data-element_type=\"container\" data-e-type=\"container\">\n\t\t\t\t<div class=\"elementor-element elementor-element-3a4a296 elementor-widget elementor-widget-text-editor\" data-id=\"3a4a296\" data-element_type=\"widget\" data-e-type=\"widget\" data-widget_type=\"text-editor.default\">\n\t\t\t\t\t\t\t\t\t<p><a href=\"https:\/\/www.axpourtous.fr\/index.php\/alain-pibouleau\/\">1 &#8211; PIBOULEAU Alain<\/a><br \/><a href=\"https:\/\/www.axpourtous.fr\/index.php\/marie-agnes-rossignol-et-dominique-fourcade\">2 &#8211; ROSSIGNOL Marie-Agn\u00e8s<\/a><br \/><a href=\"https:\/\/www.axpourtous.fr\/index.php\/marie-agnes-rossignol-et-dominique-fourcade\">3 &#8211; FOURCADE Dominique<\/a><br \/><a href=\"https:\/\/www.axpourtous.fr\/index.php\/sylvie-martin-et-laurent-bernard\">4 &#8211; MARTIN Sylvie<\/a><\/p>\t\t\t\t\t\t\t\t<\/div>\n\t\t\t\t<\/div>\n\t\t<div class=\"elementor-element elementor-element-607528c e-con-full e-flex e-con e-child\" data-id=\"607528c\" data-element_type=\"container\" data-e-type=\"container\">\n\t\t\t\t<div class=\"elementor-element elementor-element-f3eeb7f elementor-widget elementor-widget-text-editor\" data-id=\"f3eeb7f\" data-element_type=\"widget\" data-e-type=\"widget\" data-widget_type=\"text-editor.default\">\n\t\t\t\t\t\t\t\t\t<p><a href=\"https:\/\/www.axpourtous.fr\/index.php\/sylvie-martin-et-laurent-bernard\">5 &#8211; BERNARD Laurent<\/a><br \/><a href=\"https:\/\/www.axpourtous.fr\/index.php\/claudine-authier-et-jean-louis-fugairon\">6 &#8211; AUTHIER Claudine<\/a><br \/><a href=\"https:\/\/www.axpourtous.fr\/index.php\/claudine-authier-et-jean-louis-fugairon\">7 &#8211; FUGAIRON Jean-Louis<\/a><br \/><a href=\"https:\/\/www.axpourtous.fr\/index.php\/odile-campos-et-bachir-kerroum\/\" data-wplink-edit=\"true\">8 &#8211; CAMPOS Odile<\/a><\/p>\t\t\t\t\t\t\t\t<\/div>\n\t\t\t\t<\/div>\n\t\t<div class=\"elementor-element elementor-element-4805578 e-con-full e-flex e-con e-child\" data-id=\"4805578\" data-element_type=\"container\" data-e-type=\"container\">\n\t\t\t\t<div class=\"elementor-element elementor-element-d795322 elementor-widget elementor-widget-text-editor\" data-id=\"d795322\" data-element_type=\"widget\" data-e-type=\"widget\" data-widget_type=\"text-editor.default\">\n\t\t\t\t\t\t\t\t\t<p><a href=\"https:\/\/www.axpourtous.fr\/index.php\/geraldine-gau-et-dominique-tavera\/\">9 &#8211; TAVERA Dominique<\/a><br \/><a href=\"https:\/\/www.axpourtous.fr\/index.php\/geraldine-gau-et-dominique-tavera\/\">10 &#8211; GAU G\u00e9raldine<\/a><br \/><a href=\"https:\/\/www.axpourtous.fr\/index.php\/odile-campos-et-bachir-kerroum\/\">11 &#8211; KERROUM Bachir<\/a><br \/><a href=\"https:\/\/www.axpourtous.fr\/index.php\/sylvie-ferrer-et-marc-loison\/\">12 &#8211; FERRER Sylvie<\/a><\/p>\t\t\t\t\t\t\t\t<\/div>\n\t\t\t\t<\/div>\n\t\t<div class=\"elementor-element elementor-element-610bec9 e-con-full e-flex e-con e-child\" data-id=\"610bec9\" data-element_type=\"container\" data-e-type=\"container\">\n\t\t\t\t<div class=\"elementor-element elementor-element-4791b9e elementor-widget elementor-widget-text-editor\" data-id=\"4791b9e\" data-element_type=\"widget\" data-e-type=\"widget\" data-widget_type=\"text-editor.default\">\n\t\t\t\t\t\t\t\t\t<p><a href=\"https:\/\/www.axpourtous.fr\/index.php\/sylvie-ferrer-et-marc-loison\/\">13 &#8211; LOISON Marc<\/a><br \/><a href=\"https:\/\/www.axpourtous.fr\/index.php\/helene-rouzaud-et-rene-roques\">14 &#8211; ROUZAUD H\u00e9l\u00e8ne<\/a><br \/><a href=\"https:\/\/www.axpourtous.fr\/index.php\/helene-rouzaud-et-rene-roques\">15 &#8211; ROQUES Ren\u00e9<\/a><br \/><a href=\"https:\/\/www.axpourtous.fr\/index.php\/alain-mayodon\">16 &#8211; MAYODON Alain<\/a><\/p>\t\t\t\t\t\t\t\t<\/div>\n\t\t\t\t<\/div>\n\t\t\t\t\t<\/div>\n\t\t\t\t<\/div>\n\t\t<div class=\"elementor-element elementor-element-87c7663 e-flex e-con-boxed e-con e-parent\" data-id=\"87c7663\" data-element_type=\"container\" data-e-type=\"container\">\n\t\t\t\t\t<div class=\"e-con-inner\">\n\t\t<div class=\"elementor-element elementor-element-331972d e-con-full e-flex e-con e-child\" data-id=\"331972d\" data-element_type=\"container\" data-e-type=\"container\">\n\t\t<div class=\"elementor-element elementor-element-d559ae7 e-con-full e-flex e-con e-child\" data-id=\"d559ae7\" data-element_type=\"container\" data-e-type=\"container\">\n\t\t\t\t<div class=\"elementor-element elementor-element-7c45752 elementor-widget elementor-widget-image\" data-id=\"7c45752\" data-element_type=\"widget\" data-e-type=\"widget\" data-widget_type=\"image.default\">\n\t\t\t\t\t\t\t\t\t\t\t\t\t\t\t<img decoding=\"async\" width=\"600\" height=\"600\" src=\"https:\/\/www.axpourtous.fr\/wp-content\/uploads\/2026\/02\/Jacques-GALES-600x600-1.jpg\" class=\"attachment-large size-large wp-image-1889\" alt=\"Jacques GALES\" srcset=\"https:\/\/www.axpourtous.fr\/wp-content\/uploads\/2026\/02\/Jacques-GALES-600x600-1.jpg 600w, https:\/\/www.axpourtous.fr\/wp-content\/uploads\/2026\/02\/Jacques-GALES-600x600-1-300x300.jpg 300w, https:\/\/www.axpourtous.fr\/wp-content\/uploads\/2026\/02\/Jacques-GALES-600x600-1-150x150.jpg 150w\" sizes=\"(max-width: 600px) 100vw, 600px\" \/>\t\t\t\t\t\t\t\t\t\t\t\t\t\t\t<\/div>\n\t\t\t\t<\/div>\n\t\t<div class=\"elementor-element elementor-element-c80569b e-con-full e-flex e-con e-child\" data-id=\"c80569b\" data-element_type=\"container\" data-e-type=\"container\">\n\t\t\t\t<div class=\"elementor-element elementor-element-c3674af elementor-widget elementor-widget-text-editor\" data-id=\"c3674af\" data-element_type=\"widget\" data-e-type=\"widget\" data-widget_type=\"text-editor.default\">\n\t\t\t\t\t\t\t\t\t<p>Jacques faisait partie de notre \u00e9quipe.<\/p><p>Son engagement sinc\u00e8re pour Ax et sa vall\u00e9e restera une source d\u2019inspiration pour la liste<\/p><p>\u00ab Ax pour tous, partageons demain \u00bb.<\/p>\t\t\t\t\t\t\t\t<\/div>\n\t\t\t\t<\/div>\n\t\t\t\t<\/div>\n\t\t\t\t\t<\/div>\n\t\t\t\t<\/div>\n\t\t<div class=\"elementor-element elementor-element-15691c3 e-flex e-con-boxed e-con e-parent\" data-id=\"15691c3\" data-element_type=\"container\" data-e-type=\"container\">\n\t\t\t\t\t<div class=\"e-con-inner\">\n\t\t\t\t<div class=\"elementor-element elementor-element-a76ae2a elementor-widget elementor-widget-text-editor\" data-id=\"a76ae2a\" data-element_type=\"widget\" data-e-type=\"widget\" data-widget_type=\"text-editor.default\">\n\t\t\t\t\t\t\t\t\t<p>Une question \u00e0 nous poser ?<\/p><p>Envoyez nous un mail \u00e0 <strong>axpourtous@gmail.com<\/strong> et nous vous r\u00e9pondrons au plus vite.<\/p>\t\t\t\t\t\t\t\t<\/div>\n\t\t\t\t\t<\/div>\n\t\t\t\t<\/div>\n\t\t\t\t<\/div>\n\t\t","protected":false},"excerpt":{"rendered":"<p>Pr\u00e9sentation de la liste : Ax pour Tous, partageons demain Nous sommes ravis de vous pr\u00e9senter les membres de la liste Ax pour Tous, partageons demain. Vous pouvez d\u00e9couvrir une pr\u00e9sentation d\u00e9taill\u00e9e de chaque colisti\u00e8re et chaque colistier en cliquant sur les noms en dessous de la photo mosa\u00efque de notre \u00e9quipe. 1 &#8211; PIBOULEAU [&hellip;]<\/p>\n","protected":false},"author":1,"featured_media":0,"parent":0,"menu_order":0,"comment_status":"closed","ping_status":"closed","template":"","meta":{"_monsterinsights_skip_tracking":false,"_monsterinsights_sitenote_active":false,"_monsterinsights_sitenote_note":"","_monsterinsights_sitenote_category":0,"ocean_post_layout":"","ocean_both_sidebars_style":"","ocean_both_sidebars_content_width":0,"ocean_both_sidebars_sidebars_width":0,"ocean_sidebar":"","ocean_second_sidebar":"","ocean_disable_margins":"enable","ocean_add_body_class":"","ocean_shortcode_before_top_bar":"","ocean_shortcode_after_top_bar":"","ocean_shortcode_before_header":"","ocean_shortcode_after_header":"","ocean_has_shortcode":"","ocean_shortcode_after_title":"","ocean_shortcode_before_footer_widgets":"","ocean_shortcode_after_footer_widgets":"","ocean_shortcode_before_footer_bottom":"","ocean_shortcode_after_footer_bottom":"","ocean_display_top_bar":"default","ocean_display_header":"default","ocean_header_style":"","ocean_center_header_left_menu":"","ocean_custom_header_template":"","ocean_custom_logo":0,"ocean_custom_retina_logo":0,"ocean_custom_logo_max_width":0,"ocean_custom_logo_tablet_max_width":0,"ocean_custom_logo_mobile_max_width":0,"ocean_custom_logo_max_height":0,"ocean_custom_logo_tablet_max_height":0,"ocean_custom_logo_mobile_max_height":0,"ocean_header_custom_menu":"","ocean_menu_typo_font_family":"","ocean_menu_typo_font_subset":"","ocean_menu_typo_font_size":0,"ocean_menu_typo_font_size_tablet":0,"ocean_menu_typo_font_size_mobile":0,"ocean_menu_typo_font_size_unit":"px","ocean_menu_typo_font_weight":"","ocean_menu_typo_font_weight_tablet":"","ocean_menu_typo_font_weight_mobile":"","ocean_menu_typo_transform":"","ocean_menu_typo_transform_tablet":"","ocean_menu_typo_transform_mobile":"","ocean_menu_typo_line_height":0,"ocean_menu_typo_line_height_tablet":0,"ocean_menu_typo_line_height_mobile":0,"ocean_menu_typo_line_height_unit":"","ocean_menu_typo_spacing":0,"ocean_menu_typo_spacing_tablet":0,"ocean_menu_typo_spacing_mobile":0,"ocean_menu_typo_spacing_unit":"","ocean_menu_link_color":"","ocean_menu_link_color_hover":"","ocean_menu_link_color_active":"","ocean_menu_link_background":"","ocean_menu_link_hover_background":"","ocean_menu_link_active_background":"","ocean_menu_social_links_bg":"","ocean_menu_social_hover_links_bg":"","ocean_menu_social_links_color":"","ocean_menu_social_hover_links_color":"","ocean_disable_title":"default","ocean_disable_heading":"default","ocean_post_title":"","ocean_post_subheading":"","ocean_post_title_style":"","ocean_post_title_background_color":"","ocean_post_title_background":0,"ocean_post_title_bg_image_position":"","ocean_post_title_bg_image_attachment":"","ocean_post_title_bg_image_repeat":"","ocean_post_title_bg_image_size":"","ocean_post_title_height":0,"ocean_post_title_bg_overlay":0.5,"ocean_post_title_bg_overlay_color":"","ocean_disable_breadcrumbs":"default","ocean_breadcrumbs_color":"","ocean_breadcrumbs_separator_color":"","ocean_breadcrumbs_links_color":"","ocean_breadcrumbs_links_hover_color":"","ocean_display_footer_widgets":"default","ocean_display_footer_bottom":"default","ocean_custom_footer_template":"","footnotes":""},"class_list":["post-198","page","type-page","status-publish","hentry","entry"],"yoast_head":"<!-- This site is optimized with the Yoast SEO plugin v27.0 - https:\/\/yoast.com\/product\/yoast-seo-wordpress\/ -->\n<title>L&#039;\u00e9quipe - Ax Pour Tous<\/title>\n<meta name=\"robots\" content=\"index, follow, max-snippet:-1, max-image-preview:large, max-video-preview:-1\" \/>\n<link rel=\"canonical\" href=\"https:\/\/www.axpourtous.fr\/index.php\/l-equipe\/\" \/>\n<meta property=\"og:locale\" content=\"fr_FR\" \/>\n<meta property=\"og:type\" content=\"article\" \/>\n<meta property=\"og:title\" content=\"L&#039;\u00e9quipe - Ax Pour Tous\" \/>\n<meta property=\"og:description\" content=\"Pr\u00e9sentation de la liste : Ax pour Tous, partageons demain Nous sommes ravis de vous pr\u00e9senter les membres de la liste Ax pour Tous, partageons demain. Vous pouvez d\u00e9couvrir une pr\u00e9sentation d\u00e9taill\u00e9e de chaque colisti\u00e8re et chaque colistier en cliquant sur les noms en dessous de la photo mosa\u00efque de notre \u00e9quipe. 1 &#8211; PIBOULEAU [&hellip;]\" \/>\n<meta property=\"og:url\" content=\"https:\/\/www.axpourtous.fr\/index.php\/l-equipe\/\" \/>\n<meta property=\"og:site_name\" content=\"Ax Pour Tous\" \/>\n<meta property=\"article:modified_time\" content=\"2026-02-20T15:32:00+00:00\" \/>\n<meta property=\"og:image\" content=\"https:\/\/www.axpourtous.fr\/wp-content\/uploads\/2026\/02\/Equipe16.jpg\" \/>\n\t<meta property=\"og:image:width\" content=\"1024\" \/>\n\t<meta property=\"og:image:height\" content=\"384\" \/>\n\t<meta property=\"og:image:type\" content=\"image\/jpeg\" \/>\n<meta name=\"twitter:card\" content=\"summary_large_image\" \/>\n<meta name=\"twitter:label1\" content=\"Dur\u00e9e de lecture estim\u00e9e\" \/>\n\t<meta name=\"twitter:data1\" content=\"1 minute\" \/>\n<script type=\"application\/ld+json\" class=\"yoast-schema-graph\">{\"@context\":\"https:\/\/schema.org\",\"@graph\":[{\"@type\":\"WebPage\",\"@id\":\"https:\/\/www.axpourtous.fr\/index.php\/l-equipe\/\",\"url\":\"https:\/\/www.axpourtous.fr\/index.php\/l-equipe\/\",\"name\":\"L'\u00e9quipe - Ax Pour Tous\",\"isPartOf\":{\"@id\":\"https:\/\/www.axpourtous.fr\/#website\"},\"primaryImageOfPage\":{\"@id\":\"https:\/\/www.axpourtous.fr\/index.php\/l-equipe\/#primaryimage\"},\"image\":{\"@id\":\"https:\/\/www.axpourtous.fr\/index.php\/l-equipe\/#primaryimage\"},\"thumbnailUrl\":\"https:\/\/www.axpourtous.fr\/wp-content\/uploads\/2026\/02\/Equipe16.jpg\",\"datePublished\":\"2025-12-26T15:14:33+00:00\",\"dateModified\":\"2026-02-20T15:32:00+00:00\",\"breadcrumb\":{\"@id\":\"https:\/\/www.axpourtous.fr\/index.php\/l-equipe\/#breadcrumb\"},\"inLanguage\":\"fr-FR\",\"potentialAction\":[{\"@type\":\"ReadAction\",\"target\":[\"https:\/\/www.axpourtous.fr\/index.php\/l-equipe\/\"]}]},{\"@type\":\"ImageObject\",\"inLanguage\":\"fr-FR\",\"@id\":\"https:\/\/www.axpourtous.fr\/index.php\/l-equipe\/#primaryimage\",\"url\":\"https:\/\/www.axpourtous.fr\/wp-content\/uploads\/2026\/02\/Equipe16.jpg\",\"contentUrl\":\"https:\/\/www.axpourtous.fr\/wp-content\/uploads\/2026\/02\/Equipe16.jpg\",\"width\":1024,\"height\":384,\"caption\":\"Liste Ax pour Tous, partageons demain\"},{\"@type\":\"BreadcrumbList\",\"@id\":\"https:\/\/www.axpourtous.fr\/index.php\/l-equipe\/#breadcrumb\",\"itemListElement\":[{\"@type\":\"ListItem\",\"position\":1,\"name\":\"Accueil\",\"item\":\"https:\/\/www.axpourtous.fr\/\"},{\"@type\":\"ListItem\",\"position\":2,\"name\":\"L&rsquo;\u00e9quipe\"}]},{\"@type\":\"WebSite\",\"@id\":\"https:\/\/www.axpourtous.fr\/#website\",\"url\":\"https:\/\/www.axpourtous.fr\/\",\"name\":\"Ax Pour Tous\",\"description\":\"Ax Pour Tous - Partageons Demain\",\"publisher\":{\"@id\":\"https:\/\/www.axpourtous.fr\/#organization\"},\"potentialAction\":[{\"@type\":\"SearchAction\",\"target\":{\"@type\":\"EntryPoint\",\"urlTemplate\":\"https:\/\/www.axpourtous.fr\/?s={search_term_string}\"},\"query-input\":{\"@type\":\"PropertyValueSpecification\",\"valueRequired\":true,\"valueName\":\"search_term_string\"}}],\"inLanguage\":\"fr-FR\"},{\"@type\":\"Organization\",\"@id\":\"https:\/\/www.axpourtous.fr\/#organization\",\"name\":\"Ax Pour Tous\",\"url\":\"https:\/\/www.axpourtous.fr\/\",\"logo\":{\"@type\":\"ImageObject\",\"inLanguage\":\"fr-FR\",\"@id\":\"https:\/\/www.axpourtous.fr\/#\/schema\/logo\/image\/\",\"url\":\"https:\/\/www.axpourtous.fr\/wp-content\/uploads\/2026\/01\/cropped-Logo-Ax-pour-tous-1.jpg\",\"contentUrl\":\"https:\/\/www.axpourtous.fr\/wp-content\/uploads\/2026\/01\/cropped-Logo-Ax-pour-tous-1.jpg\",\"width\":582,\"height\":271,\"caption\":\"Ax Pour Tous\"},\"image\":{\"@id\":\"https:\/\/www.axpourtous.fr\/#\/schema\/logo\/image\/\"}}]}<\/script>\n<!-- \/ Yoast SEO plugin. -->","yoast_head_json":{"title":"L'\u00e9quipe - Ax Pour Tous","robots":{"index":"index","follow":"follow","max-snippet":"max-snippet:-1","max-image-preview":"max-image-preview:large","max-video-preview":"max-video-preview:-1"},"canonical":"https:\/\/www.axpourtous.fr\/index.php\/l-equipe\/","og_locale":"fr_FR","og_type":"article","og_title":"L'\u00e9quipe - Ax Pour Tous","og_description":"Pr\u00e9sentation de la liste : Ax pour Tous, partageons demain Nous sommes ravis de vous pr\u00e9senter les membres de la liste Ax pour Tous, partageons demain. Vous pouvez d\u00e9couvrir une pr\u00e9sentation d\u00e9taill\u00e9e de chaque colisti\u00e8re et chaque colistier en cliquant sur les noms en dessous de la photo mosa\u00efque de notre \u00e9quipe. 1 &#8211; PIBOULEAU [&hellip;]","og_url":"https:\/\/www.axpourtous.fr\/index.php\/l-equipe\/","og_site_name":"Ax Pour Tous","article_modified_time":"2026-02-20T15:32:00+00:00","og_image":[{"width":1024,"height":384,"url":"https:\/\/www.axpourtous.fr\/wp-content\/uploads\/2026\/02\/Equipe16.jpg","type":"image\/jpeg"}],"twitter_card":"summary_large_image","twitter_misc":{"Dur\u00e9e de lecture estim\u00e9e":"1 minute"},"schema":{"@context":"https:\/\/schema.org","@graph":[{"@type":"WebPage","@id":"https:\/\/www.axpourtous.fr\/index.php\/l-equipe\/","url":"https:\/\/www.axpourtous.fr\/index.php\/l-equipe\/","name":"L'\u00e9quipe - Ax Pour Tous","isPartOf":{"@id":"https:\/\/www.axpourtous.fr\/#website"},"primaryImageOfPage":{"@id":"https:\/\/www.axpourtous.fr\/index.php\/l-equipe\/#primaryimage"},"image":{"@id":"https:\/\/www.axpourtous.fr\/index.php\/l-equipe\/#primaryimage"},"thumbnailUrl":"https:\/\/www.axpourtous.fr\/wp-content\/uploads\/2026\/02\/Equipe16.jpg","datePublished":"2025-12-26T15:14:33+00:00","dateModified":"2026-02-20T15:32:00+00:00","breadcrumb":{"@id":"https:\/\/www.axpourtous.fr\/index.php\/l-equipe\/#breadcrumb"},"inLanguage":"fr-FR","potentialAction":[{"@type":"ReadAction","target":["https:\/\/www.axpourtous.fr\/index.php\/l-equipe\/"]}]},{"@type":"ImageObject","inLanguage":"fr-FR","@id":"https:\/\/www.axpourtous.fr\/index.php\/l-equipe\/#primaryimage","url":"https:\/\/www.axpourtous.fr\/wp-content\/uploads\/2026\/02\/Equipe16.jpg","contentUrl":"https:\/\/www.axpourtous.fr\/wp-content\/uploads\/2026\/02\/Equipe16.jpg","width":1024,"height":384,"caption":"Liste Ax pour Tous, partageons demain"},{"@type":"BreadcrumbList","@id":"https:\/\/www.axpourtous.fr\/index.php\/l-equipe\/#breadcrumb","itemListElement":[{"@type":"ListItem","position":1,"name":"Accueil","item":"https:\/\/www.axpourtous.fr\/"},{"@type":"ListItem","position":2,"name":"L&rsquo;\u00e9quipe"}]},{"@type":"WebSite","@id":"https:\/\/www.axpourtous.fr\/#website","url":"https:\/\/www.axpourtous.fr\/","name":"Ax Pour Tous","description":"Ax Pour Tous - Partageons Demain","publisher":{"@id":"https:\/\/www.axpourtous.fr\/#organization"},"potentialAction":[{"@type":"SearchAction","target":{"@type":"EntryPoint","urlTemplate":"https:\/\/www.axpourtous.fr\/?s={search_term_string}"},"query-input":{"@type":"PropertyValueSpecification","valueRequired":true,"valueName":"search_term_string"}}],"inLanguage":"fr-FR"},{"@type":"Organization","@id":"https:\/\/www.axpourtous.fr\/#organization","name":"Ax Pour Tous","url":"https:\/\/www.axpourtous.fr\/","logo":{"@type":"ImageObject","inLanguage":"fr-FR","@id":"https:\/\/www.axpourtous.fr\/#\/schema\/logo\/image\/","url":"https:\/\/www.axpourtous.fr\/wp-content\/uploads\/2026\/01\/cropped-Logo-Ax-pour-tous-1.jpg","contentUrl":"https:\/\/www.axpourtous.fr\/wp-content\/uploads\/2026\/01\/cropped-Logo-Ax-pour-tous-1.jpg","width":582,"height":271,"caption":"Ax Pour Tous"},"image":{"@id":"https:\/\/www.axpourtous.fr\/#\/schema\/logo\/image\/"}}]}},"_links":{"self":[{"href":"https:\/\/www.axpourtous.fr\/index.php\/wp-json\/wp\/v2\/pages\/198","targetHints":{"allow":["GET"]}}],"collection":[{"href":"https:\/\/www.axpourtous.fr\/index.php\/wp-json\/wp\/v2\/pages"}],"about":[{"href":"https:\/\/www.axpourtous.fr\/index.php\/wp-json\/wp\/v2\/types\/page"}],"author":[{"embeddable":true,"href":"https:\/\/www.axpourtous.fr\/index.php\/wp-json\/wp\/v2\/users\/1"}],"replies":[{"embeddable":true,"href":"https:\/\/www.axpourtous.fr\/index.php\/wp-json\/wp\/v2\/comments?post=198"}],"version-history":[{"count":101,"href":"https:\/\/www.axpourtous.fr\/index.php\/wp-json\/wp\/v2\/pages\/198\/revisions"}],"predecessor-version":[{"id":2015,"href":"https:\/\/www.axpourtous.fr\/index.php\/wp-json\/wp\/v2\/pages\/198\/revisions\/2015"}],"wp:attachment":[{"href":"https:\/\/www.axpourtous.fr\/index.php\/wp-json\/wp\/v2\/media?parent=198"}],"curies":[{"name":"wp","href":"https:\/\/api.w.org\/{rel}","templated":true}]}}