{"id":1932,"date":"2026-02-09T08:49:55","date_gmt":"2026-02-09T08:49:55","guid":{"rendered":"https:\/\/www.axpourtous.fr\/?page_id=1932"},"modified":"2026-02-20T16:05:31","modified_gmt":"2026-02-20T16:05:31","slug":"sylvie-ferrer-et-marc-loison","status":"publish","type":"page","link":"https:\/\/www.axpourtous.fr\/index.php\/sylvie-ferrer-et-marc-loison\/","title":{"rendered":"Sylvie FERRER et Marc LOISON"},"content":{"rendered":"\t\t<div data-elementor-type=\"wp-page\" data-elementor-id=\"1932\" class=\"elementor elementor-1932\">\n\t\t\t\t<div class=\"elementor-element elementor-element-5f8a276 e-flex e-con-boxed e-con e-parent\" data-id=\"5f8a276\" data-element_type=\"container\" data-e-type=\"container\">\n\t\t\t\t\t<div class=\"e-con-inner\">\n\t\t<div class=\"elementor-element elementor-element-8e8bf79 e-con-full e-flex e-con e-child\" data-id=\"8e8bf79\" data-element_type=\"container\" data-e-type=\"container\">\n\t\t<div class=\"elementor-element elementor-element-f2e3649 e-con-full e-flex e-con e-child\" data-id=\"f2e3649\" data-element_type=\"container\" data-e-type=\"container\">\n\t\t\t\t<div class=\"elementor-element elementor-element-7cef19e elementor-widget elementor-widget-image\" data-id=\"7cef19e\" data-element_type=\"widget\" data-e-type=\"widget\" data-widget_type=\"image.default\">\n\t\t\t\t\t\t\t\t\t\t\t\t\t\t\t<img fetchpriority=\"high\" decoding=\"async\" width=\"333\" height=\"500\" src=\"https:\/\/www.axpourtous.fr\/wp-content\/uploads\/2026\/01\/Sylvie-FERRER.jpg\" class=\"attachment-large size-large wp-image-862\" alt=\"Sylvie FERRER\" srcset=\"https:\/\/www.axpourtous.fr\/wp-content\/uploads\/2026\/01\/Sylvie-FERRER.jpg 333w, https:\/\/www.axpourtous.fr\/wp-content\/uploads\/2026\/01\/Sylvie-FERRER-200x300.jpg 200w\" sizes=\"(max-width: 333px) 100vw, 333px\" \/>\t\t\t\t\t\t\t\t\t\t\t\t\t\t\t<\/div>\n\t\t\t\t<\/div>\n\t\t<div class=\"elementor-element elementor-element-cce1c76 e-con-full e-flex e-con e-child\" data-id=\"cce1c76\" data-element_type=\"container\" data-e-type=\"container\">\n\t\t\t\t<div class=\"elementor-element elementor-element-6e6bafe elementor-widget elementor-widget-text-editor\" data-id=\"6e6bafe\" data-element_type=\"widget\" data-e-type=\"widget\" data-widget_type=\"text-editor.default\">\n\t\t\t\t\t\t\t\t\t<p><strong>Sylvie FERRER<\/strong><\/p><p>J\u2019ai 58 ans, je suis n\u00e9e \u00e0 Lavelanet en Ari\u00e8ge.<\/p><p>Mon p\u00e8re et ma s\u0153ur a\u00een\u00e9s sont n\u00e9s \u00e0 Ax les thermes \u00e0 l\u2019h\u00f4pital Saint Louis o\u00f9 ma m\u00e8re, originaire de la haute vall\u00e9e de l\u2019Aude, a travaill\u00e9 pendant 20 ans.<\/p><p>J\u2019ai grandi \u00e0 Ax les thermes et y vis depuis ma tendre enfance.<\/p><p>Je suis propri\u00e9taire d\u2019une maison dans le Quartier d\u2019En Castel.<\/p><p>L\u2019environnement montagnard a berc\u00e9 ma vie jusqu\u2019\u00e0 aujourd\u2019hui.<\/p><p>Pratiquer la randonn\u00e9e me ressource.<\/p><p>Suite \u00e0 des \u00e9tudes dans le tourisme \u00e0 Toulouse, je suis partie un temps travailler en Haute Vienne au c\u0153ur du Lac de Vassivi\u00e8re en village vacances en tant que r\u00e9ceptionniste.<\/p><p>J\u2019ai un fils qui vit \u00e0 proximit\u00e9 de Foix et travaille en tant qu\u2019animateur p\u00e9riscolaire dans une \u00e9cole primaire en basse Ari\u00e8ge.<\/p><p>\u00c0 l\u2019\u00e2ge de 22 ans, je commence \u00e0 travailler \u00e0 l\u2019office de tourisme d\u2019Ax les thermes, puis des ann\u00e9es plus tard \u00e0 l\u2019office de tourisme des vall\u00e9es d\u2019Ax et Office de Tourisme des Pyr\u00e9n\u00e9es Ari\u00e8geoises depuis 2018.<\/p><p>J\u2019ai \u00e9t\u00e9 tr\u00e9sori\u00e8re au comit\u00e9 de jumelage et aujourd\u2019hui je fais partie du conseil d\u2019administration.<\/p><p>Mon exp\u00e9rience dans le domaine du tourisme, mes connaissances, mes origines ari\u00e9geoises et surtout ax\u00e9ennes favorisent ma forte envie de m\u2019investir dans la vie locale pour l\u2019avenir de notre charmante cit\u00e9 et ses habitants.<\/p>\t\t\t\t\t\t\t\t<\/div>\n\t\t\t\t<\/div>\n\t\t\t\t<\/div>\n\t\t\t\t\t<\/div>\n\t\t\t\t<\/div>\n\t\t<div class=\"elementor-element elementor-element-4b26391 e-flex e-con-boxed e-con e-parent\" data-id=\"4b26391\" data-element_type=\"container\" data-e-type=\"container\">\n\t\t\t\t\t<div class=\"e-con-inner\">\n\t\t<div class=\"elementor-element elementor-element-dd2fbcc e-con-full e-flex e-con e-child\" data-id=\"dd2fbcc\" data-element_type=\"container\" data-e-type=\"container\">\n\t\t<div class=\"elementor-element elementor-element-ac29d56 e-con-full e-flex e-con e-child\" data-id=\"ac29d56\" data-element_type=\"container\" data-e-type=\"container\">\n\t\t\t\t<div class=\"elementor-element elementor-element-4e48acf elementor-widget elementor-widget-image\" data-id=\"4e48acf\" data-element_type=\"widget\" data-e-type=\"widget\" data-widget_type=\"image.default\">\n\t\t\t\t\t\t\t\t\t\t\t\t\t\t\t<img decoding=\"async\" width=\"333\" height=\"500\" src=\"https:\/\/www.axpourtous.fr\/wp-content\/uploads\/2026\/02\/Marc-LOISON.jpg\" class=\"attachment-large size-large wp-image-1896\" alt=\"Marc LOISON\" srcset=\"https:\/\/www.axpourtous.fr\/wp-content\/uploads\/2026\/02\/Marc-LOISON.jpg 333w, https:\/\/www.axpourtous.fr\/wp-content\/uploads\/2026\/02\/Marc-LOISON-200x300.jpg 200w\" sizes=\"(max-width: 333px) 100vw, 333px\" \/>\t\t\t\t\t\t\t\t\t\t\t\t\t\t\t<\/div>\n\t\t\t\t<\/div>\n\t\t<div class=\"elementor-element elementor-element-d6c2689 e-con-full e-flex e-con e-child\" data-id=\"d6c2689\" data-element_type=\"container\" data-e-type=\"container\">\n\t\t\t\t<div class=\"elementor-element elementor-element-38802f1 elementor-widget elementor-widget-text-editor\" data-id=\"38802f1\" data-element_type=\"widget\" data-e-type=\"widget\" data-widget_type=\"text-editor.default\">\n\t\t\t\t\t\t\t\t\t<p><strong>Marc LOISON<\/strong><\/p><p>Ancien cadre de la fonction publique territoriale, j\u2019ai 69 ans et j&rsquo;ai exerc\u00e9 durant de nombreuses ann\u00e9es des responsabilit\u00e9s dans la gestion technique puis la r\u00e9novation du patrimoine, d\u2019abord \u00e0 la Ville de Toulouse, puis \u00e0 Toulouse M\u00e9tropole.<\/p><p>Originaire de Toulouse, mon \u00e9pouse et moi avons toujours \u00e9t\u00e9 anim\u00e9s par le go\u00fbt des grands espaces. Cette passion nous a conduits \u00e0 voyager \u00e0 travers les d\u00e9serts d\u2019Afrique du Nord puis en Am\u00e9rique du Sud, avant de poser d\u00e9finitivement nos valises \u00e0 Ax-les-Thermes en 2016.<\/p><p>Plus jeune, le ski, la montagne et surtout la navigation \u00e0 voile \u2014 discipline pour laquelle je poss\u00e8de une solide formation \u2014 m\u2019ont permis de d\u00e9velopper un profond respect pour l\u2019environnement et le territoire.<\/p><p>Aujourd\u2019hui retrait\u00e9s, nous profitons pleinement du cadre exceptionnel de notre vall\u00e9e et de notre famille recompos\u00e9e, riche et nombreuse.<\/p><p>En 2020, j\u2019ai souhait\u00e9 m\u2019engager au service de la commune afin de mettre mon exp\u00e9rience et mes comp\u00e9tences au profit de l\u2019action municipale. Cet engagement s\u2019est r\u00e9v\u00e9l\u00e9 particuli\u00e8rement constructif : ensemble, nous avons pu remettre sur les rails deux piliers essentiels de notre \u00e9conomie locale, le thermalisme et la station de ski. Le travail n\u2019est pas termin\u00e9, mais les bases sont d\u00e9sormais solides.<\/p><p>C\u2019est dans cette continuit\u00e9 que je m\u2019associe aujourd\u2019hui \u00e0 cette nouvelle \u00e9quipe, avec la volont\u00e9 de poursuivre le travail engag\u00e9 pour le bien d\u2019Ax-les-Thermes, de ses habitants, et plus largement de la Haute Ari\u00e8ge, car la notion de territoire est d\u00e9sormais essentielle \u00e0 notre avenir commun.<\/p>\t\t\t\t\t\t\t\t<\/div>\n\t\t\t\t<\/div>\n\t\t\t\t<\/div>\n\t\t\t\t\t<\/div>\n\t\t\t\t<\/div>\n\t\t<div class=\"elementor-element elementor-element-22ed003 e-flex e-con-boxed e-con e-parent\" data-id=\"22ed003\" data-element_type=\"container\" data-e-type=\"container\">\n\t\t\t\t\t<div class=\"e-con-inner\">\n\t\t<div class=\"elementor-element elementor-element-fced596 e-con-full e-flex e-con e-child\" data-id=\"fced596\" data-element_type=\"container\" data-e-type=\"container\">\n\t\t\t\t<div class=\"elementor-element elementor-element-438cd61 elementor-widget elementor-widget-text-editor\" data-id=\"438cd61\" data-element_type=\"widget\" data-e-type=\"widget\" data-widget_type=\"text-editor.default\">\n\t\t\t\t\t\t\t\t\t<p>Une question \u00e0 nous poser ?<\/p><p>Envoyez nous un mail \u00e0 <strong>axpourtous@gmail.com<\/strong> et nous vous r\u00e9pondrons au plus vite.<\/p>\t\t\t\t\t\t\t\t<\/div>\n\t\t\t\t<\/div>\n\t\t\t\t\t<\/div>\n\t\t\t\t<\/div>\n\t\t\t\t<\/div>\n\t\t","protected":false},"excerpt":{"rendered":"<p>Sylvie FERRER J\u2019ai 58 ans, je suis n\u00e9e \u00e0 Lavelanet en Ari\u00e8ge. Mon p\u00e8re et ma s\u0153ur a\u00een\u00e9s sont n\u00e9s \u00e0 Ax les thermes \u00e0 l\u2019h\u00f4pital Saint Louis o\u00f9 ma m\u00e8re, originaire de la haute vall\u00e9e de l\u2019Aude, a travaill\u00e9 pendant 20 ans. J\u2019ai grandi \u00e0 Ax les thermes et y vis depuis ma tendre [&hellip;]<\/p>\n","protected":false},"author":1,"featured_media":0,"parent":0,"menu_order":0,"comment_status":"closed","ping_status":"closed","template":"","meta":{"_monsterinsights_skip_tracking":false,"_monsterinsights_sitenote_active":false,"_monsterinsights_sitenote_note":"","_monsterinsights_sitenote_category":0,"ocean_post_layout":"","ocean_both_sidebars_style":"","ocean_both_sidebars_content_width":0,"ocean_both_sidebars_sidebars_width":0,"ocean_sidebar":"","ocean_second_sidebar":"","ocean_disable_margins":"enable","ocean_add_body_class":"","ocean_shortcode_before_top_bar":"","ocean_shortcode_after_top_bar":"","ocean_shortcode_before_header":"","ocean_shortcode_after_header":"","ocean_has_shortcode":"","ocean_shortcode_after_title":"","ocean_shortcode_before_footer_widgets":"","ocean_shortcode_after_footer_widgets":"","ocean_shortcode_before_footer_bottom":"","ocean_shortcode_after_footer_bottom":"","ocean_display_top_bar":"default","ocean_display_header":"default","ocean_header_style":"","ocean_center_header_left_menu":"","ocean_custom_header_template":"","ocean_custom_logo":0,"ocean_custom_retina_logo":0,"ocean_custom_logo_max_width":0,"ocean_custom_logo_tablet_max_width":0,"ocean_custom_logo_mobile_max_width":0,"ocean_custom_logo_max_height":0,"ocean_custom_logo_tablet_max_height":0,"ocean_custom_logo_mobile_max_height":0,"ocean_header_custom_menu":"","ocean_menu_typo_font_family":"","ocean_menu_typo_font_subset":"","ocean_menu_typo_font_size":0,"ocean_menu_typo_font_size_tablet":0,"ocean_menu_typo_font_size_mobile":0,"ocean_menu_typo_font_size_unit":"px","ocean_menu_typo_font_weight":"","ocean_menu_typo_font_weight_tablet":"","ocean_menu_typo_font_weight_mobile":"","ocean_menu_typo_transform":"","ocean_menu_typo_transform_tablet":"","ocean_menu_typo_transform_mobile":"","ocean_menu_typo_line_height":0,"ocean_menu_typo_line_height_tablet":0,"ocean_menu_typo_line_height_mobile":0,"ocean_menu_typo_line_height_unit":"","ocean_menu_typo_spacing":0,"ocean_menu_typo_spacing_tablet":0,"ocean_menu_typo_spacing_mobile":0,"ocean_menu_typo_spacing_unit":"","ocean_menu_link_color":"","ocean_menu_link_color_hover":"","ocean_menu_link_color_active":"","ocean_menu_link_background":"","ocean_menu_link_hover_background":"","ocean_menu_link_active_background":"","ocean_menu_social_links_bg":"","ocean_menu_social_hover_links_bg":"","ocean_menu_social_links_color":"","ocean_menu_social_hover_links_color":"","ocean_disable_title":"default","ocean_disable_heading":"default","ocean_post_title":"","ocean_post_subheading":"","ocean_post_title_style":"","ocean_post_title_background_color":"","ocean_post_title_background":0,"ocean_post_title_bg_image_position":"","ocean_post_title_bg_image_attachment":"","ocean_post_title_bg_image_repeat":"","ocean_post_title_bg_image_size":"","ocean_post_title_height":0,"ocean_post_title_bg_overlay":0.5,"ocean_post_title_bg_overlay_color":"","ocean_disable_breadcrumbs":"default","ocean_breadcrumbs_color":"","ocean_breadcrumbs_separator_color":"","ocean_breadcrumbs_links_color":"","ocean_breadcrumbs_links_hover_color":"","ocean_display_footer_widgets":"default","ocean_display_footer_bottom":"default","ocean_custom_footer_template":"","footnotes":""},"class_list":["post-1932","page","type-page","status-publish","hentry","entry"],"yoast_head":"<!-- This site is optimized with the Yoast SEO plugin v27.0 - https:\/\/yoast.com\/product\/yoast-seo-wordpress\/ -->\n<title>Sylvie FERRER et Marc LOISON - Ax Pour Tous<\/title>\n<meta name=\"robots\" content=\"index, follow, max-snippet:-1, max-image-preview:large, max-video-preview:-1\" \/>\n<link rel=\"canonical\" href=\"https:\/\/www.axpourtous.fr\/index.php\/sylvie-ferrer-et-marc-loison\/\" \/>\n<meta property=\"og:locale\" content=\"fr_FR\" \/>\n<meta property=\"og:type\" content=\"article\" \/>\n<meta property=\"og:title\" content=\"Sylvie FERRER et Marc LOISON - Ax Pour Tous\" \/>\n<meta property=\"og:description\" content=\"Sylvie FERRER J\u2019ai 58 ans, je suis n\u00e9e \u00e0 Lavelanet en Ari\u00e8ge. Mon p\u00e8re et ma s\u0153ur a\u00een\u00e9s sont n\u00e9s \u00e0 Ax les thermes \u00e0 l\u2019h\u00f4pital Saint Louis o\u00f9 ma m\u00e8re, originaire de la haute vall\u00e9e de l\u2019Aude, a travaill\u00e9 pendant 20 ans. J\u2019ai grandi \u00e0 Ax les thermes et y vis depuis ma tendre [&hellip;]\" \/>\n<meta property=\"og:url\" content=\"https:\/\/www.axpourtous.fr\/index.php\/sylvie-ferrer-et-marc-loison\/\" \/>\n<meta property=\"og:site_name\" content=\"Ax Pour Tous\" \/>\n<meta property=\"article:modified_time\" content=\"2026-02-20T16:05:31+00:00\" \/>\n<meta property=\"og:image\" content=\"https:\/\/www.axpourtous.fr\/wp-content\/uploads\/2026\/01\/Sylvie-FERRER.jpg\" \/>\n\t<meta property=\"og:image:width\" content=\"333\" \/>\n\t<meta property=\"og:image:height\" content=\"500\" \/>\n\t<meta property=\"og:image:type\" content=\"image\/jpeg\" \/>\n<meta name=\"twitter:card\" content=\"summary_large_image\" \/>\n<meta name=\"twitter:label1\" content=\"Dur\u00e9e de lecture estim\u00e9e\" \/>\n\t<meta name=\"twitter:data1\" content=\"3 minutes\" \/>\n<script type=\"application\/ld+json\" class=\"yoast-schema-graph\">{\"@context\":\"https:\/\/schema.org\",\"@graph\":[{\"@type\":\"WebPage\",\"@id\":\"https:\/\/www.axpourtous.fr\/index.php\/sylvie-ferrer-et-marc-loison\/\",\"url\":\"https:\/\/www.axpourtous.fr\/index.php\/sylvie-ferrer-et-marc-loison\/\",\"name\":\"Sylvie FERRER et Marc LOISON - Ax Pour Tous\",\"isPartOf\":{\"@id\":\"https:\/\/www.axpourtous.fr\/#website\"},\"primaryImageOfPage\":{\"@id\":\"https:\/\/www.axpourtous.fr\/index.php\/sylvie-ferrer-et-marc-loison\/#primaryimage\"},\"image\":{\"@id\":\"https:\/\/www.axpourtous.fr\/index.php\/sylvie-ferrer-et-marc-loison\/#primaryimage\"},\"thumbnailUrl\":\"https:\/\/www.axpourtous.fr\/wp-content\/uploads\/2026\/01\/Sylvie-FERRER.jpg\",\"datePublished\":\"2026-02-09T08:49:55+00:00\",\"dateModified\":\"2026-02-20T16:05:31+00:00\",\"breadcrumb\":{\"@id\":\"https:\/\/www.axpourtous.fr\/index.php\/sylvie-ferrer-et-marc-loison\/#breadcrumb\"},\"inLanguage\":\"fr-FR\",\"potentialAction\":[{\"@type\":\"ReadAction\",\"target\":[\"https:\/\/www.axpourtous.fr\/index.php\/sylvie-ferrer-et-marc-loison\/\"]}]},{\"@type\":\"ImageObject\",\"inLanguage\":\"fr-FR\",\"@id\":\"https:\/\/www.axpourtous.fr\/index.php\/sylvie-ferrer-et-marc-loison\/#primaryimage\",\"url\":\"https:\/\/www.axpourtous.fr\/wp-content\/uploads\/2026\/01\/Sylvie-FERRER.jpg\",\"contentUrl\":\"https:\/\/www.axpourtous.fr\/wp-content\/uploads\/2026\/01\/Sylvie-FERRER.jpg\",\"width\":333,\"height\":500,\"caption\":\"Sylvie FERRER\"},{\"@type\":\"BreadcrumbList\",\"@id\":\"https:\/\/www.axpourtous.fr\/index.php\/sylvie-ferrer-et-marc-loison\/#breadcrumb\",\"itemListElement\":[{\"@type\":\"ListItem\",\"position\":1,\"name\":\"Accueil\",\"item\":\"https:\/\/www.axpourtous.fr\/\"},{\"@type\":\"ListItem\",\"position\":2,\"name\":\"Sylvie FERRER et Marc LOISON\"}]},{\"@type\":\"WebSite\",\"@id\":\"https:\/\/www.axpourtous.fr\/#website\",\"url\":\"https:\/\/www.axpourtous.fr\/\",\"name\":\"Ax Pour Tous\",\"description\":\"Ax Pour Tous - Partageons Demain\",\"publisher\":{\"@id\":\"https:\/\/www.axpourtous.fr\/#organization\"},\"potentialAction\":[{\"@type\":\"SearchAction\",\"target\":{\"@type\":\"EntryPoint\",\"urlTemplate\":\"https:\/\/www.axpourtous.fr\/?s={search_term_string}\"},\"query-input\":{\"@type\":\"PropertyValueSpecification\",\"valueRequired\":true,\"valueName\":\"search_term_string\"}}],\"inLanguage\":\"fr-FR\"},{\"@type\":\"Organization\",\"@id\":\"https:\/\/www.axpourtous.fr\/#organization\",\"name\":\"Ax Pour Tous\",\"url\":\"https:\/\/www.axpourtous.fr\/\",\"logo\":{\"@type\":\"ImageObject\",\"inLanguage\":\"fr-FR\",\"@id\":\"https:\/\/www.axpourtous.fr\/#\/schema\/logo\/image\/\",\"url\":\"https:\/\/www.axpourtous.fr\/wp-content\/uploads\/2026\/01\/cropped-Logo-Ax-pour-tous-1.jpg\",\"contentUrl\":\"https:\/\/www.axpourtous.fr\/wp-content\/uploads\/2026\/01\/cropped-Logo-Ax-pour-tous-1.jpg\",\"width\":582,\"height\":271,\"caption\":\"Ax Pour Tous\"},\"image\":{\"@id\":\"https:\/\/www.axpourtous.fr\/#\/schema\/logo\/image\/\"}}]}<\/script>\n<!-- \/ Yoast SEO plugin. -->","yoast_head_json":{"title":"Sylvie FERRER et Marc LOISON - Ax Pour Tous","robots":{"index":"index","follow":"follow","max-snippet":"max-snippet:-1","max-image-preview":"max-image-preview:large","max-video-preview":"max-video-preview:-1"},"canonical":"https:\/\/www.axpourtous.fr\/index.php\/sylvie-ferrer-et-marc-loison\/","og_locale":"fr_FR","og_type":"article","og_title":"Sylvie FERRER et Marc LOISON - Ax Pour Tous","og_description":"Sylvie FERRER J\u2019ai 58 ans, je suis n\u00e9e \u00e0 Lavelanet en Ari\u00e8ge. Mon p\u00e8re et ma s\u0153ur a\u00een\u00e9s sont n\u00e9s \u00e0 Ax les thermes \u00e0 l\u2019h\u00f4pital Saint Louis o\u00f9 ma m\u00e8re, originaire de la haute vall\u00e9e de l\u2019Aude, a travaill\u00e9 pendant 20 ans. J\u2019ai grandi \u00e0 Ax les thermes et y vis depuis ma tendre [&hellip;]","og_url":"https:\/\/www.axpourtous.fr\/index.php\/sylvie-ferrer-et-marc-loison\/","og_site_name":"Ax Pour Tous","article_modified_time":"2026-02-20T16:05:31+00:00","og_image":[{"width":333,"height":500,"url":"https:\/\/www.axpourtous.fr\/wp-content\/uploads\/2026\/01\/Sylvie-FERRER.jpg","type":"image\/jpeg"}],"twitter_card":"summary_large_image","twitter_misc":{"Dur\u00e9e de lecture estim\u00e9e":"3 minutes"},"schema":{"@context":"https:\/\/schema.org","@graph":[{"@type":"WebPage","@id":"https:\/\/www.axpourtous.fr\/index.php\/sylvie-ferrer-et-marc-loison\/","url":"https:\/\/www.axpourtous.fr\/index.php\/sylvie-ferrer-et-marc-loison\/","name":"Sylvie FERRER et Marc LOISON - Ax Pour Tous","isPartOf":{"@id":"https:\/\/www.axpourtous.fr\/#website"},"primaryImageOfPage":{"@id":"https:\/\/www.axpourtous.fr\/index.php\/sylvie-ferrer-et-marc-loison\/#primaryimage"},"image":{"@id":"https:\/\/www.axpourtous.fr\/index.php\/sylvie-ferrer-et-marc-loison\/#primaryimage"},"thumbnailUrl":"https:\/\/www.axpourtous.fr\/wp-content\/uploads\/2026\/01\/Sylvie-FERRER.jpg","datePublished":"2026-02-09T08:49:55+00:00","dateModified":"2026-02-20T16:05:31+00:00","breadcrumb":{"@id":"https:\/\/www.axpourtous.fr\/index.php\/sylvie-ferrer-et-marc-loison\/#breadcrumb"},"inLanguage":"fr-FR","potentialAction":[{"@type":"ReadAction","target":["https:\/\/www.axpourtous.fr\/index.php\/sylvie-ferrer-et-marc-loison\/"]}]},{"@type":"ImageObject","inLanguage":"fr-FR","@id":"https:\/\/www.axpourtous.fr\/index.php\/sylvie-ferrer-et-marc-loison\/#primaryimage","url":"https:\/\/www.axpourtous.fr\/wp-content\/uploads\/2026\/01\/Sylvie-FERRER.jpg","contentUrl":"https:\/\/www.axpourtous.fr\/wp-content\/uploads\/2026\/01\/Sylvie-FERRER.jpg","width":333,"height":500,"caption":"Sylvie FERRER"},{"@type":"BreadcrumbList","@id":"https:\/\/www.axpourtous.fr\/index.php\/sylvie-ferrer-et-marc-loison\/#breadcrumb","itemListElement":[{"@type":"ListItem","position":1,"name":"Accueil","item":"https:\/\/www.axpourtous.fr\/"},{"@type":"ListItem","position":2,"name":"Sylvie FERRER et Marc LOISON"}]},{"@type":"WebSite","@id":"https:\/\/www.axpourtous.fr\/#website","url":"https:\/\/www.axpourtous.fr\/","name":"Ax Pour Tous","description":"Ax Pour Tous - Partageons Demain","publisher":{"@id":"https:\/\/www.axpourtous.fr\/#organization"},"potentialAction":[{"@type":"SearchAction","target":{"@type":"EntryPoint","urlTemplate":"https:\/\/www.axpourtous.fr\/?s={search_term_string}"},"query-input":{"@type":"PropertyValueSpecification","valueRequired":true,"valueName":"search_term_string"}}],"inLanguage":"fr-FR"},{"@type":"Organization","@id":"https:\/\/www.axpourtous.fr\/#organization","name":"Ax Pour Tous","url":"https:\/\/www.axpourtous.fr\/","logo":{"@type":"ImageObject","inLanguage":"fr-FR","@id":"https:\/\/www.axpourtous.fr\/#\/schema\/logo\/image\/","url":"https:\/\/www.axpourtous.fr\/wp-content\/uploads\/2026\/01\/cropped-Logo-Ax-pour-tous-1.jpg","contentUrl":"https:\/\/www.axpourtous.fr\/wp-content\/uploads\/2026\/01\/cropped-Logo-Ax-pour-tous-1.jpg","width":582,"height":271,"caption":"Ax Pour Tous"},"image":{"@id":"https:\/\/www.axpourtous.fr\/#\/schema\/logo\/image\/"}}]}},"_links":{"self":[{"href":"https:\/\/www.axpourtous.fr\/index.php\/wp-json\/wp\/v2\/pages\/1932","targetHints":{"allow":["GET"]}}],"collection":[{"href":"https:\/\/www.axpourtous.fr\/index.php\/wp-json\/wp\/v2\/pages"}],"about":[{"href":"https:\/\/www.axpourtous.fr\/index.php\/wp-json\/wp\/v2\/types\/page"}],"author":[{"embeddable":true,"href":"https:\/\/www.axpourtous.fr\/index.php\/wp-json\/wp\/v2\/users\/1"}],"replies":[{"embeddable":true,"href":"https:\/\/www.axpourtous.fr\/index.php\/wp-json\/wp\/v2\/comments?post=1932"}],"version-history":[{"count":16,"href":"https:\/\/www.axpourtous.fr\/index.php\/wp-json\/wp\/v2\/pages\/1932\/revisions"}],"predecessor-version":[{"id":2108,"href":"https:\/\/www.axpourtous.fr\/index.php\/wp-json\/wp\/v2\/pages\/1932\/revisions\/2108"}],"wp:attachment":[{"href":"https:\/\/www.axpourtous.fr\/index.php\/wp-json\/wp\/v2\/media?parent=1932"}],"curies":[{"name":"wp","href":"https:\/\/api.w.org\/{rel}","templated":true}]}}